{"id":108,"date":"2021-03-28T14:28:31","date_gmt":"2021-03-28T17:28:31","guid":{"rendered":"https:\/\/lafeminite.vamtam.com\/?page_id=108"},"modified":"2022-06-27T17:00:51","modified_gmt":"2022-06-27T20:00:51","slug":"todos","status":"publish","type":"page","link":"https:\/\/vecchiojoalheiros.com.br\/blog_vecchio\/todos\/","title":{"rendered":"Todos"},"content":{"rendered":"\t\t<div data-elementor-type=\"wp-page\" data-elementor-id=\"108\" class=\"elementor elementor-108\">\n\t\t\t\t\t\t\t\t\t<section class=\"elementor-section elementor-top-section elementor-element elementor-element-4a44c7d elementor-section-boxed elementor-section-height-default elementor-section-height-default\" data-id=\"4a44c7d\" data-element_type=\"section\" data-settings=\"{&quot;background_background&quot;:&quot;classic&quot;}\">\n\t\t\t\t\t\t<div class=\"elementor-container elementor-column-gap-no\">\n\t\t\t\t\t<div class=\"elementor-column elementor-col-100 elementor-top-column elementor-element elementor-element-1ab964f animated-slow elementor-invisible\" data-id=\"1ab964f\" data-element_type=\"column\" data-settings=\"{&quot;animation&quot;:&quot;fadeIn&quot;,&quot;animation_delay&quot;:100}\">\n\t\t\t<div class=\"elementor-widget-wrap elementor-element-populated\">\n\t\t\t\t\t\t\t\t\t<\/div>\n\t\t<\/div>\n\t\t\t\t\t\t\t<\/div>\n\t\t<\/section>\n\t\t\t\t<section class=\"elementor-section elementor-top-section elementor-element elementor-element-5dc5fc4 elementor-section-boxed elementor-section-height-default elementor-section-height-default\" data-id=\"5dc5fc4\" data-element_type=\"section\" data-settings=\"{&quot;background_background&quot;:&quot;classic&quot;}\">\n\t\t\t\t\t\t<div class=\"elementor-container elementor-column-gap-no\">\n\t\t\t\t\t<div class=\"elementor-column elementor-col-100 elementor-top-column elementor-element elementor-element-d2a8719\" data-id=\"d2a8719\" data-element_type=\"column\">\n\t\t\t<div class=\"elementor-widget-wrap elementor-element-populated\">\n\t\t\t\t\t\t\t\t<div class=\"elementor-element elementor-element-cdb55ec elementor-view-default elementor-invisible elementor-widget elementor-widget-icon\" data-id=\"cdb55ec\" data-element_type=\"widget\" data-settings=\"{&quot;_animation&quot;:&quot;rotateIn&quot;,&quot;_animation_delay&quot;:200}\" data-widget_type=\"icon.default\">\n\t\t\t\t<div class=\"elementor-widget-container\">\n\t\t\t\t\t<div class=\"elementor-icon-wrapper\">\n\t\t\t<div class=\"elementor-icon\">\n\t\t\t<i aria-hidden=\"true\" class=\"vamtamtheme- vamtam-theme-slash\"><\/i>\t\t\t<\/div>\n\t\t<\/div>\n\t\t\t\t<\/div>\n\t\t\t\t<\/div>\n\t\t\t\t<div class=\"vamtam-has-theme-widget-styles elementor-element elementor-element-47c95e7 elementor-grid-1 elementor-grid-tablet-1 elementor-posts--align-center elementor-grid-mobile-1 elementor-posts--thumbnail-top elementor-widget elementor-widget-posts\" data-id=\"47c95e7\" data-element_type=\"widget\" data-settings=\"{&quot;classic_columns&quot;:&quot;1&quot;,&quot;classic_columns_tablet&quot;:&quot;1&quot;,&quot;classic_columns_mobile&quot;:&quot;1&quot;,&quot;classic_row_gap&quot;:{&quot;unit&quot;:&quot;px&quot;,&quot;size&quot;:35,&quot;sizes&quot;:[]},&quot;classic_row_gap_tablet&quot;:{&quot;unit&quot;:&quot;px&quot;,&quot;size&quot;:&quot;&quot;,&quot;sizes&quot;:[]},&quot;classic_row_gap_mobile&quot;:{&quot;unit&quot;:&quot;px&quot;,&quot;size&quot;:&quot;&quot;,&quot;sizes&quot;:[]}}\" data-widget_type=\"posts.classic\">\n\t\t\t\t<div class=\"elementor-widget-container\">\n\t\t\t\t\t<div class=\"elementor-posts-container elementor-posts elementor-posts--skin-classic elementor-grid\">\n\t\t\t\t<article class=\"elementor-post elementor-grid-item post-989046 post type-post status-publish format-standard has-post-thumbnail hentry category-relogios tag-alta-joalheria tag-joia tag-luxo tag-luxury tag-ouro tag-relogio\">\n\t\t\t\t<a class=\"elementor-post__thumbnail__link\" href=\"https:\/\/vecchiojoalheiros.com.br\/blog_vecchio\/uma-homenagem-a-gerald-genta\/\" >\n\t\t\t<div class=\"elementor-post__thumbnail\"><img loading=\"lazy\" decoding=\"async\" width=\"1024\" height=\"711\" src=\"https:\/\/vecchiojoalheiros.com.br\/blog_vecchio\/wp-content\/uploads\/2023\/12\/banner-1024x711.png\" class=\"attachment-large size-large wp-image-989047\" alt=\"\" srcset=\"https:\/\/vecchiojoalheiros.com.br\/blog_vecchio\/wp-content\/uploads\/2023\/12\/banner-1024x711.png 1024w, https:\/\/vecchiojoalheiros.com.br\/blog_vecchio\/wp-content\/uploads\/2023\/12\/banner-300x208.png 300w, https:\/\/vecchiojoalheiros.com.br\/blog_vecchio\/wp-content\/uploads\/2023\/12\/banner-768x533.png 768w, https:\/\/vecchiojoalheiros.com.br\/blog_vecchio\/wp-content\/uploads\/2023\/12\/banner-630x438.png 630w, https:\/\/vecchiojoalheiros.com.br\/blog_vecchio\/wp-content\/uploads\/2023\/12\/banner-1260x875.png 1260w, https:\/\/vecchiojoalheiros.com.br\/blog_vecchio\/wp-content\/uploads\/2023\/12\/banner-315x219.png 315w, https:\/\/vecchiojoalheiros.com.br\/blog_vecchio\/wp-content\/uploads\/2023\/12\/banner.png 1440w\" sizes=\"auto, (max-width: 1024px) 100vw, 1024px\" \/><\/div>\n\t\t<\/a>\n\t\t\t\t<div class=\"elementor-post__text\">\n\t\t\t\t<h3 class=\"elementor-post__title\">\n\t\t\t<a href=\"https:\/\/vecchiojoalheiros.com.br\/blog_vecchio\/uma-homenagem-a-gerald-genta\/\" >\n\t\t\t\tUma homenagem a Gerald Genta\t\t\t<\/a>\n\t\t<\/h3>\n\t\t\t\t<div class=\"elementor-post__meta-data\">\n\t\t\t\t\t<span class=\"elementor-post-author\">\n\t\t\tMarina Piquini\t\t<\/span>\n\t\t\t\t<span class=\"elementor-post-date\">\n\t\t\t5 de dezembro de 2023\t\t<\/span>\n\t\t\t\t<\/div>\n\t\t\t\t<div class=\"elementor-post__excerpt\">\n\t\t\t<p>Descubra mais sobre o rel\u00f3gio do ano da IWC: o Ingenieur 40<\/p>\n\t\t<\/div>\n\t\t\t\t<\/div>\n\t\t\t\t<\/article>\n\t\t\t\t<\/div>\n\t\t\n\t\t\t\t<\/div>\n\t\t\t\t<\/div>\n\t\t\t\t\t<\/div>\n\t\t<\/div>\n\t\t\t\t\t\t\t<\/div>\n\t\t<\/section>\n\t\t\t\t<section class=\"elementor-section elementor-top-section elementor-element elementor-element-449d5f2 elementor-section-boxed elementor-section-height-default elementor-section-height-default\" data-id=\"449d5f2\" data-element_type=\"section\">\n\t\t\t\t\t\t<div class=\"elementor-container elementor-column-gap-no\">\n\t\t\t\t\t<div class=\"elementor-column elementor-col-100 elementor-top-column elementor-element elementor-element-5a21971\" data-id=\"5a21971\" data-element_type=\"column\">\n\t\t\t<div class=\"elementor-widget-wrap elementor-element-populated\">\n\t\t\t\t\t\t\t\t<div class=\"vamtam-has-theme-widget-styles elementor-element elementor-element-c9fee1a elementor-posts--align-center elementor-grid-3 elementor-grid-tablet-2 elementor-grid-mobile-1 elementor-posts--thumbnail-top load-more-align-center elementor-widget elementor-widget-posts\" data-id=\"c9fee1a\" data-element_type=\"widget\" data-settings=\"{&quot;classic_masonry&quot;:&quot;yes&quot;,&quot;classic_row_gap&quot;:{&quot;unit&quot;:&quot;px&quot;,&quot;size&quot;:40,&quot;sizes&quot;:[]},&quot;pagination_type&quot;:&quot;load_more_on_click&quot;,&quot;classic_columns&quot;:&quot;3&quot;,&quot;classic_columns_tablet&quot;:&quot;2&quot;,&quot;classic_columns_mobile&quot;:&quot;1&quot;,&quot;classic_row_gap_tablet&quot;:{&quot;unit&quot;:&quot;px&quot;,&quot;size&quot;:&quot;&quot;,&quot;sizes&quot;:[]},&quot;classic_row_gap_mobile&quot;:{&quot;unit&quot;:&quot;px&quot;,&quot;size&quot;:&quot;&quot;,&quot;sizes&quot;:[]},&quot;load_more_spinner&quot;:{&quot;value&quot;:&quot;fas fa-spinner&quot;,&quot;library&quot;:&quot;fa-solid&quot;}}\" data-widget_type=\"posts.classic\">\n\t\t\t\t<div class=\"elementor-widget-container\">\n\t\t\t\t\t<div class=\"elementor-posts-container elementor-posts elementor-posts--skin-classic elementor-grid\">\n\t\t\t\t<article class=\"elementor-post elementor-grid-item post-989040 post type-post status-publish format-standard has-post-thumbnail hentry category-curiosidades tag-alta-joalheria tag-joia tag-luxo tag-luxury tag-ouro tag-relogio\">\n\t\t\t\t<a class=\"elementor-post__thumbnail__link\" href=\"https:\/\/vecchiojoalheiros.com.br\/blog_vecchio\/uma-heranca-hipnotizante-de-75-anos\/\" >\n\t\t\t<div class=\"elementor-post__thumbnail\"><img loading=\"lazy\" decoding=\"async\" width=\"1440\" height=\"1000\" src=\"https:\/\/vecchiojoalheiros.com.br\/blog_vecchio\/wp-content\/uploads\/2023\/11\/banner_bvl.png\" class=\"attachment-full size-full wp-image-989041\" alt=\"\" srcset=\"https:\/\/vecchiojoalheiros.com.br\/blog_vecchio\/wp-content\/uploads\/2023\/11\/banner_bvl.png 1440w, https:\/\/vecchiojoalheiros.com.br\/blog_vecchio\/wp-content\/uploads\/2023\/11\/banner_bvl-300x208.png 300w, https:\/\/vecchiojoalheiros.com.br\/blog_vecchio\/wp-content\/uploads\/2023\/11\/banner_bvl-1024x711.png 1024w, https:\/\/vecchiojoalheiros.com.br\/blog_vecchio\/wp-content\/uploads\/2023\/11\/banner_bvl-768x533.png 768w, https:\/\/vecchiojoalheiros.com.br\/blog_vecchio\/wp-content\/uploads\/2023\/11\/banner_bvl-630x438.png 630w, https:\/\/vecchiojoalheiros.com.br\/blog_vecchio\/wp-content\/uploads\/2023\/11\/banner_bvl-1260x875.png 1260w, https:\/\/vecchiojoalheiros.com.br\/blog_vecchio\/wp-content\/uploads\/2023\/11\/banner_bvl-315x219.png 315w\" sizes=\"auto, (max-width: 1440px) 100vw, 1440px\" \/><\/div>\n\t\t<\/a>\n\t\t\t\t<div class=\"elementor-post__text\">\n\t\t\t\t<h3 class=\"elementor-post__title\">\n\t\t\t<a href=\"https:\/\/vecchiojoalheiros.com.br\/blog_vecchio\/uma-heranca-hipnotizante-de-75-anos\/\" >\n\t\t\t\tUma heran\u00e7a hipnotizante de 75 anos\t\t\t<\/a>\n\t\t<\/h3>\n\t\t\t\t<div class=\"elementor-post__meta-data\">\n\t\t\t\t\t<span class=\"elementor-post-date\">\n\t\t\t23 de novembro de 2023\t\t<\/span>\n\t\t\t\t<\/div>\n\t\t\t\t<div class=\"elementor-post__excerpt\">\n\t\t\t\t\t<\/div>\n\t\t\t\t<\/div>\n\t\t\t\t<\/article>\n\t\t\t\t<article class=\"elementor-post elementor-grid-item post-989033 post type-post status-publish format-standard has-post-thumbnail hentry category-curiosidades tag-alta-joalheria tag-joia tag-luxo tag-luxury tag-ouro tag-relogio\">\n\t\t\t\t<a class=\"elementor-post__thumbnail__link\" href=\"https:\/\/vecchiojoalheiros.com.br\/blog_vecchio\/encontre-pecas-raras-e-unicas-com-second-hand-de-luxo\/\" >\n\t\t\t<div class=\"elementor-post__thumbnail\"><img loading=\"lazy\" decoding=\"async\" width=\"1440\" height=\"1000\" src=\"https:\/\/vecchiojoalheiros.com.br\/blog_vecchio\/wp-content\/uploads\/2023\/11\/banner_blog.jpg\" class=\"attachment-full size-full wp-image-989039\" alt=\"\" srcset=\"https:\/\/vecchiojoalheiros.com.br\/blog_vecchio\/wp-content\/uploads\/2023\/11\/banner_blog.jpg 1440w, https:\/\/vecchiojoalheiros.com.br\/blog_vecchio\/wp-content\/uploads\/2023\/11\/banner_blog-300x208.jpg 300w, https:\/\/vecchiojoalheiros.com.br\/blog_vecchio\/wp-content\/uploads\/2023\/11\/banner_blog-1024x711.jpg 1024w, https:\/\/vecchiojoalheiros.com.br\/blog_vecchio\/wp-content\/uploads\/2023\/11\/banner_blog-768x533.jpg 768w, https:\/\/vecchiojoalheiros.com.br\/blog_vecchio\/wp-content\/uploads\/2023\/11\/banner_blog-630x438.jpg 630w, https:\/\/vecchiojoalheiros.com.br\/blog_vecchio\/wp-content\/uploads\/2023\/11\/banner_blog-1260x875.jpg 1260w, https:\/\/vecchiojoalheiros.com.br\/blog_vecchio\/wp-content\/uploads\/2023\/11\/banner_blog-315x219.jpg 315w\" sizes=\"auto, (max-width: 1440px) 100vw, 1440px\" \/><\/div>\n\t\t<\/a>\n\t\t\t\t<div class=\"elementor-post__text\">\n\t\t\t\t<h3 class=\"elementor-post__title\">\n\t\t\t<a href=\"https:\/\/vecchiojoalheiros.com.br\/blog_vecchio\/encontre-pecas-raras-e-unicas-com-second-hand-de-luxo\/\" >\n\t\t\t\tEncontre pe\u00e7as raras e \u00fanicas com second-hand de luxo\t\t\t<\/a>\n\t\t<\/h3>\n\t\t\t\t<div class=\"elementor-post__meta-data\">\n\t\t\t\t\t<span class=\"elementor-post-date\">\n\t\t\t10 de novembro de 2023\t\t<\/span>\n\t\t\t\t<\/div>\n\t\t\t\t<div class=\"elementor-post__excerpt\">\n\t\t\t<p>Descubra o encanto de encontrar pe\u00e7as \u00fanicas com a Vecchio.<\/p>\n\t\t<\/div>\n\t\t\t\t<\/div>\n\t\t\t\t<\/article>\n\t\t\t\t<article class=\"elementor-post elementor-grid-item post-989023 post type-post status-publish format-standard has-post-thumbnail hentry category-joias tag-alta-joalheria tag-joia tag-luxo tag-luxury tag-ouro tag-relogio\">\n\t\t\t\t<a class=\"elementor-post__thumbnail__link\" href=\"https:\/\/vecchiojoalheiros.com.br\/blog_vecchio\/guia-basico-de-diamantes-os-4cs\/\" >\n\t\t\t<div class=\"elementor-post__thumbnail\"><img loading=\"lazy\" decoding=\"async\" width=\"1440\" height=\"1000\" src=\"https:\/\/vecchiojoalheiros.com.br\/blog_vecchio\/wp-content\/uploads\/2023\/08\/capa-1.jpg\" class=\"attachment-full size-full wp-image-989024\" alt=\"\" srcset=\"https:\/\/vecchiojoalheiros.com.br\/blog_vecchio\/wp-content\/uploads\/2023\/08\/capa-1.jpg 1440w, https:\/\/vecchiojoalheiros.com.br\/blog_vecchio\/wp-content\/uploads\/2023\/08\/capa-1-300x208.jpg 300w, https:\/\/vecchiojoalheiros.com.br\/blog_vecchio\/wp-content\/uploads\/2023\/08\/capa-1-1024x711.jpg 1024w, https:\/\/vecchiojoalheiros.com.br\/blog_vecchio\/wp-content\/uploads\/2023\/08\/capa-1-768x533.jpg 768w, https:\/\/vecchiojoalheiros.com.br\/blog_vecchio\/wp-content\/uploads\/2023\/08\/capa-1-630x438.jpg 630w, https:\/\/vecchiojoalheiros.com.br\/blog_vecchio\/wp-content\/uploads\/2023\/08\/capa-1-1260x875.jpg 1260w, https:\/\/vecchiojoalheiros.com.br\/blog_vecchio\/wp-content\/uploads\/2023\/08\/capa-1-315x219.jpg 315w\" sizes=\"auto, (max-width: 1440px) 100vw, 1440px\" \/><\/div>\n\t\t<\/a>\n\t\t\t\t<div class=\"elementor-post__text\">\n\t\t\t\t<h3 class=\"elementor-post__title\">\n\t\t\t<a href=\"https:\/\/vecchiojoalheiros.com.br\/blog_vecchio\/guia-basico-de-diamantes-os-4cs\/\" >\n\t\t\t\tGuia b\u00e1sico de diamantes: os 4Cs\t\t\t<\/a>\n\t\t<\/h3>\n\t\t\t\t<div class=\"elementor-post__meta-data\">\n\t\t\t\t\t<span class=\"elementor-post-date\">\n\t\t\t1 de setembro de 2023\t\t<\/span>\n\t\t\t\t<\/div>\n\t\t\t\t<div class=\"elementor-post__excerpt\">\n\t\t\t<p>Saiba mais sobre a pedra mais preciosa do mundo de maneira simples com especialistas. <\/p>\n\t\t<\/div>\n\t\t\t\t<\/div>\n\t\t\t\t<\/article>\n\t\t\t\t<article class=\"elementor-post elementor-grid-item post-989017 post type-post status-publish format-standard has-post-thumbnail hentry category-relogios tag-alta-joalheria tag-joia tag-luxo tag-luxury tag-ouro tag-relogio\">\n\t\t\t\t<a class=\"elementor-post__thumbnail__link\" href=\"https:\/\/vecchiojoalheiros.com.br\/blog_vecchio\/rolex-perpetual-1908\/\" >\n\t\t\t<div class=\"elementor-post__thumbnail\"><img loading=\"lazy\" decoding=\"async\" width=\"1440\" height=\"1000\" src=\"https:\/\/vecchiojoalheiros.com.br\/blog_vecchio\/wp-content\/uploads\/2023\/08\/capa.jpg\" class=\"attachment-full size-full wp-image-989018\" alt=\"\" srcset=\"https:\/\/vecchiojoalheiros.com.br\/blog_vecchio\/wp-content\/uploads\/2023\/08\/capa.jpg 1440w, https:\/\/vecchiojoalheiros.com.br\/blog_vecchio\/wp-content\/uploads\/2023\/08\/capa-300x208.jpg 300w, https:\/\/vecchiojoalheiros.com.br\/blog_vecchio\/wp-content\/uploads\/2023\/08\/capa-1024x711.jpg 1024w, https:\/\/vecchiojoalheiros.com.br\/blog_vecchio\/wp-content\/uploads\/2023\/08\/capa-768x533.jpg 768w, https:\/\/vecchiojoalheiros.com.br\/blog_vecchio\/wp-content\/uploads\/2023\/08\/capa-630x438.jpg 630w, https:\/\/vecchiojoalheiros.com.br\/blog_vecchio\/wp-content\/uploads\/2023\/08\/capa-1260x875.jpg 1260w, https:\/\/vecchiojoalheiros.com.br\/blog_vecchio\/wp-content\/uploads\/2023\/08\/capa-315x219.jpg 315w\" sizes=\"auto, (max-width: 1440px) 100vw, 1440px\" \/><\/div>\n\t\t<\/a>\n\t\t\t\t<div class=\"elementor-post__text\">\n\t\t\t\t<h3 class=\"elementor-post__title\">\n\t\t\t<a href=\"https:\/\/vecchiojoalheiros.com.br\/blog_vecchio\/rolex-perpetual-1908\/\" >\n\t\t\t\tRolex Perpetual 1908\t\t\t<\/a>\n\t\t<\/h3>\n\t\t\t\t<div class=\"elementor-post__meta-data\">\n\t\t\t\t\t<span class=\"elementor-post-date\">\n\t\t\t16 de agosto de 2023\t\t<\/span>\n\t\t\t\t<\/div>\n\t\t\t\t<div class=\"elementor-post__excerpt\">\n\t\t\t\t\t<\/div>\n\t\t\t\t<\/div>\n\t\t\t\t<\/article>\n\t\t\t\t<article class=\"elementor-post elementor-grid-item post-989010 post type-post status-publish format-standard has-post-thumbnail hentry category-curiosidades tag-alta-joalheria tag-joia tag-luxo tag-luxury tag-ouro tag-relogio\">\n\t\t\t\t<a class=\"elementor-post__thumbnail__link\" href=\"https:\/\/vecchiojoalheiros.com.br\/blog_vecchio\/o-second-hand-de-luxo-e-tendencia-mundial-e-se-torna-um-high-end-service\/\" >\n\t\t\t<div class=\"elementor-post__thumbnail\"><img loading=\"lazy\" decoding=\"async\" width=\"1440\" height=\"1000\" src=\"https:\/\/vecchiojoalheiros.com.br\/blog_vecchio\/wp-content\/uploads\/2023\/07\/Design-sem-nome-8.jpg\" class=\"attachment-full size-full wp-image-989015\" alt=\"\" srcset=\"https:\/\/vecchiojoalheiros.com.br\/blog_vecchio\/wp-content\/uploads\/2023\/07\/Design-sem-nome-8.jpg 1440w, https:\/\/vecchiojoalheiros.com.br\/blog_vecchio\/wp-content\/uploads\/2023\/07\/Design-sem-nome-8-300x208.jpg 300w, https:\/\/vecchiojoalheiros.com.br\/blog_vecchio\/wp-content\/uploads\/2023\/07\/Design-sem-nome-8-1024x711.jpg 1024w, https:\/\/vecchiojoalheiros.com.br\/blog_vecchio\/wp-content\/uploads\/2023\/07\/Design-sem-nome-8-768x533.jpg 768w, https:\/\/vecchiojoalheiros.com.br\/blog_vecchio\/wp-content\/uploads\/2023\/07\/Design-sem-nome-8-630x438.jpg 630w, https:\/\/vecchiojoalheiros.com.br\/blog_vecchio\/wp-content\/uploads\/2023\/07\/Design-sem-nome-8-1260x875.jpg 1260w, https:\/\/vecchiojoalheiros.com.br\/blog_vecchio\/wp-content\/uploads\/2023\/07\/Design-sem-nome-8-315x219.jpg 315w\" sizes=\"auto, (max-width: 1440px) 100vw, 1440px\" \/><\/div>\n\t\t<\/a>\n\t\t\t\t<div class=\"elementor-post__text\">\n\t\t\t\t<h3 class=\"elementor-post__title\">\n\t\t\t<a href=\"https:\/\/vecchiojoalheiros.com.br\/blog_vecchio\/o-second-hand-de-luxo-e-tendencia-mundial-e-se-torna-um-high-end-service\/\" >\n\t\t\t\tO second-hand de luxo \u00e9 tend\u00eancia mundial e se torna um high-end service\t\t\t<\/a>\n\t\t<\/h3>\n\t\t\t\t<div class=\"elementor-post__meta-data\">\n\t\t\t\t\t<span class=\"elementor-post-date\">\n\t\t\t28 de julho de 2023\t\t<\/span>\n\t\t\t\t<\/div>\n\t\t\t\t<div class=\"elementor-post__excerpt\">\n\t\t\t<p>Entenda o porqu\u00ea dos consumidores de luxo estarem optando cada vez mais pelo second-hand. <\/p>\n\t\t<\/div>\n\t\t\t\t<\/div>\n\t\t\t\t<\/article>\n\t\t\t\t<article class=\"elementor-post elementor-grid-item post-989003 post type-post status-publish format-standard has-post-thumbnail hentry category-curiosidades tag-alta-joalheria tag-joia tag-luxo tag-luxury tag-ouro tag-relogio\">\n\t\t\t\t<a class=\"elementor-post__thumbnail__link\" href=\"https:\/\/vecchiojoalheiros.com.br\/blog_vecchio\/5-motivos-para-voce-comprar-joias-e-relogios-na-vecchio-joalheiros\/\" >\n\t\t\t<div class=\"elementor-post__thumbnail\"><img loading=\"lazy\" decoding=\"async\" width=\"1440\" height=\"1000\" src=\"https:\/\/vecchiojoalheiros.com.br\/blog_vecchio\/wp-content\/uploads\/2023\/07\/Design-sem-nome-7.jpg\" class=\"attachment-full size-full wp-image-989004\" alt=\"\" srcset=\"https:\/\/vecchiojoalheiros.com.br\/blog_vecchio\/wp-content\/uploads\/2023\/07\/Design-sem-nome-7.jpg 1440w, https:\/\/vecchiojoalheiros.com.br\/blog_vecchio\/wp-content\/uploads\/2023\/07\/Design-sem-nome-7-300x208.jpg 300w, https:\/\/vecchiojoalheiros.com.br\/blog_vecchio\/wp-content\/uploads\/2023\/07\/Design-sem-nome-7-1024x711.jpg 1024w, https:\/\/vecchiojoalheiros.com.br\/blog_vecchio\/wp-content\/uploads\/2023\/07\/Design-sem-nome-7-768x533.jpg 768w, https:\/\/vecchiojoalheiros.com.br\/blog_vecchio\/wp-content\/uploads\/2023\/07\/Design-sem-nome-7-630x438.jpg 630w, https:\/\/vecchiojoalheiros.com.br\/blog_vecchio\/wp-content\/uploads\/2023\/07\/Design-sem-nome-7-1260x875.jpg 1260w, https:\/\/vecchiojoalheiros.com.br\/blog_vecchio\/wp-content\/uploads\/2023\/07\/Design-sem-nome-7-315x219.jpg 315w\" sizes=\"auto, (max-width: 1440px) 100vw, 1440px\" \/><\/div>\n\t\t<\/a>\n\t\t\t\t<div class=\"elementor-post__text\">\n\t\t\t\t<h3 class=\"elementor-post__title\">\n\t\t\t<a href=\"https:\/\/vecchiojoalheiros.com.br\/blog_vecchio\/5-motivos-para-voce-comprar-joias-e-relogios-na-vecchio-joalheiros\/\" >\n\t\t\t\t5 motivos para voc\u00ea comprar joias e rel\u00f3gios na Vecchio Joalheiros\t\t\t<\/a>\n\t\t<\/h3>\n\t\t\t\t<div class=\"elementor-post__meta-data\">\n\t\t\t\t\t<span class=\"elementor-post-date\">\n\t\t\t19 de julho de 2023\t\t<\/span>\n\t\t\t\t<\/div>\n\t\t\t\t<div class=\"elementor-post__excerpt\">\n\t\t\t<p>Segundo a Thredup, existem 5 fatores que levam ao consumidor do second-hand. A Vecchio j\u00e1 pratica h\u00e1 35 anos, saiba quais s\u00e3o.<\/p>\n\t\t<\/div>\n\t\t\t\t<\/div>\n\t\t\t\t<\/article>\n\t\t\t\t<\/div>\n\t\t\t\t\t<span class=\"e-load-more-spinner\">\n\t\t\t\t<i aria-hidden=\"true\" class=\"fas fa-spinner\"><\/i>\t\t\t<\/span>\n\t\t\n\t\t\t\t<div class=\"e-load-more-anchor\" data-page=\"1\" data-max-page=\"15\" data-next-page=\"https:\/\/vecchiojoalheiros.com.br\/blog_vecchio\/wp-json\/wp\/v2\/pages\/108\/page\/2\/\"><\/div>\n\t\t\t\t<div class=\"elementor-button-wrapper\">\n\t\t\t<a href=\"#\" class=\"elementor-button-link elementor-button\" role=\"button\">\n\t\t\t\t\t\t<span class=\"elementor-button-content-wrapper\">\n\t\t\t\t\t\t<span class=\"elementor-button-text\">Load More<\/span>\n\t\t<\/span>\n\t\t\t\t\t<\/a>\n\t\t<\/div>\n\t\t\t\t<div class=\"e-load-more-message\"><\/div>\n\t\t\t\t<\/div>\n\t\t\t\t<\/div>\n\t\t\t\t\t<\/div>\n\t\t<\/div>\n\t\t\t\t\t\t\t<\/div>\n\t\t<\/section>\n\t\t\t\t<section class=\"elementor-section elementor-top-section elementor-element elementor-element-9989ad1 elementor-section-full_width elementor-section-height-default elementor-section-height-default\" data-id=\"9989ad1\" data-element_type=\"section\">\n\t\t\t\t\t\t<div class=\"elementor-container elementor-column-gap-no\">\n\t\t\t\t\t<div class=\"elementor-column elementor-col-100 elementor-top-column elementor-element elementor-element-91087a7\" data-id=\"91087a7\" data-element_type=\"column\">\n\t\t\t<div class=\"elementor-widget-wrap elementor-element-populated\">\n\t\t\t\t\t\t\t\t<div class=\"elementor-element elementor-element-471b2c9 elementor-widget elementor-widget-template\" data-id=\"471b2c9\" data-element_type=\"widget\" data-widget_type=\"template.default\">\n\t\t\t\t<div class=\"elementor-widget-container\">\n\t\t\t\t\t<div class=\"elementor-template\">\n\t\t\t\t\t<div data-elementor-type=\"section\" data-elementor-id=\"14405\" class=\"elementor elementor-14405\">\n\t\t\t\t\t\t\t\t<section class=\"elementor-section elementor-top-section elementor-element elementor-element-58af7ae elementor-section-content-middle elementor-section-boxed elementor-section-height-default elementor-section-height-default\" data-id=\"58af7ae\" data-element_type=\"section\">\n\t\t\t\t\t\t<div class=\"elementor-container elementor-column-gap-no\">\n\t\t\t\t\t<div class=\"elementor-column elementor-col-100 elementor-top-column elementor-element elementor-element-0bc4e50\" data-id=\"0bc4e50\" data-element_type=\"column\">\n\t\t\t<div class=\"elementor-widget-wrap elementor-element-populated\">\n\t\t\t\t\t\t\t\t<div class=\"elementor-element elementor-element-e4d8e56 elementor-widget elementor-widget-heading\" data-id=\"e4d8e56\" data-element_type=\"widget\" data-widget_type=\"heading.default\">\n\t\t\t\t<div class=\"elementor-widget-container\">\n\t\t\t<h2 class=\"elementor-heading-title elementor-size-default\">instagram:<\/h2>\t\t<\/div>\n\t\t\t\t<\/div>\n\t\t\t\t<div class=\"elementor-element elementor-element-059699d elementor-widget elementor-widget-heading\" data-id=\"059699d\" data-element_type=\"widget\" data-widget_type=\"heading.default\">\n\t\t\t\t<div class=\"elementor-widget-container\">\n\t\t\t<p class=\"elementor-heading-title elementor-size-default\"><a href=\"https:\/\/www.instagram.com\/vamtam.themes\/\" target=\"_blank\">@vecchio_oficial<\/a><\/p>\t\t<\/div>\n\t\t\t\t<\/div>\n\t\t\t\t\t<\/div>\n\t\t<\/div>\n\t\t\t\t\t\t\t<\/div>\n\t\t<\/section>\n\t\t\t\t<section class=\"elementor-section elementor-top-section elementor-element elementor-element-5c8a906 elementor-section-boxed elementor-section-height-default elementor-section-height-default\" data-id=\"5c8a906\" data-element_type=\"section\">\n\t\t\t\t\t\t<div class=\"elementor-container elementor-column-gap-no\">\n\t\t\t\t\t<div class=\"elementor-column elementor-col-100 elementor-top-column elementor-element elementor-element-78dee29\" data-id=\"78dee29\" data-element_type=\"column\">\n\t\t\t<div class=\"elementor-widget-wrap\">\n\t\t\t\t\t\t\t\t\t<\/div>\n\t\t<\/div>\n\t\t\t\t\t\t\t<\/div>\n\t\t<\/section>\n\t\t\t\t\t\t<\/div>\n\t\t\t\t<\/div>\n\t\t\t\t<\/div>\n\t\t\t\t<\/div>\n\t\t\t\t<div class=\"elementor-element elementor-element-c7175e2 elementor-widget elementor-widget-html\" data-id=\"c7175e2\" data-element_type=\"widget\" data-widget_type=\"html.default\">\n\t\t\t\t<div class=\"elementor-widget-container\">\n\t\t\t<br>\t\t<\/div>\n\t\t\t\t<\/div>\n\t\t\t\t<div class=\"elementor-element elementor-element-59f0e7b elementor-widget-divider--separator-type-pattern elementor-widget-divider--view-line elementor-widget elementor-widget-divider\" data-id=\"59f0e7b\" data-element_type=\"widget\" data-widget_type=\"divider.default\">\n\t\t\t\t<div class=\"elementor-widget-container\">\n\t\t\t\t\t<div class=\"elementor-divider\" style=\"--divider-pattern-url: url(&quot;data:image\/svg+xml,%3Csvg xmlns=&#039;http:\/\/www.w3.org\/2000\/svg&#039; preserveAspectRatio=&#039;none&#039; overflow=&#039;visible&#039; height=&#039;100%&#039; viewBox=&#039;0 0 24 24&#039; fill=&#039;none&#039; stroke=&#039;black&#039; stroke-width=&#039;1&#039; stroke-linecap=&#039;square&#039; stroke-miterlimit=&#039;10&#039;%3E%3Cpolyline points=&#039;0,6 6,6 6,18 18,18 18,6 24,6 \t&#039;\/%3E%3C\/svg%3E&quot;);\">\n\t\t\t<span class=\"elementor-divider-separator\">\n\t\t\t\t\t\t<\/span>\n\t\t<\/div>\n\t\t\t\t<\/div>\n\t\t\t\t<\/div>\n\t\t\t\t\t<\/div>\n\t\t<\/div>\n\t\t\t\t\t\t\t<\/div>\n\t\t<\/section>\n\t\t\t\t\t\t\t<\/div>\n\t\t","protected":false},"excerpt":{"rendered":"","protected":false},"author":1,"featured_media":987654,"parent":0,"menu_order":0,"comment_status":"closed","ping_status":"closed","template":"","meta":{"footnotes":""},"class_list":["post-108","page","type-page","status-publish","has-post-thumbnail","hentry"],"_links":{"self":[{"href":"https:\/\/vecchiojoalheiros.com.br\/blog_vecchio\/wp-json\/wp\/v2\/pages\/108","targetHints":{"allow":["GET"]}}],"collection":[{"href":"https:\/\/vecchiojoalheiros.com.br\/blog_vecchio\/wp-json\/wp\/v2\/pages"}],"about":[{"href":"https:\/\/vecchiojoalheiros.com.br\/blog_vecchio\/wp-json\/wp\/v2\/types\/page"}],"author":[{"embeddable":true,"href":"https:\/\/vecchiojoalheiros.com.br\/blog_vecchio\/wp-json\/wp\/v2\/users\/1"}],"replies":[{"embeddable":true,"href":"https:\/\/vecchiojoalheiros.com.br\/blog_vecchio\/wp-json\/wp\/v2\/comments?post=108"}],"version-history":[{"count":10,"href":"https:\/\/vecchiojoalheiros.com.br\/blog_vecchio\/wp-json\/wp\/v2\/pages\/108\/revisions"}],"predecessor-version":[{"id":987886,"href":"https:\/\/vecchiojoalheiros.com.br\/blog_vecchio\/wp-json\/wp\/v2\/pages\/108\/revisions\/987886"}],"wp:featuredmedia":[{"embeddable":true,"href":"https:\/\/vecchiojoalheiros.com.br\/blog_vecchio\/wp-json\/wp\/v2\/media\/987654"}],"wp:attachment":[{"href":"https:\/\/vecchiojoalheiros.com.br\/blog_vecchio\/wp-json\/wp\/v2\/media?parent=108"}],"curies":[{"name":"wp","href":"https:\/\/api.w.org\/{rel}","templated":true}]}}